{"id":20,"date":"2023-02-07T14:47:12","date_gmt":"2023-02-07T14:47:12","guid":{"rendered":"https:\/\/jotteimeitaunohdettaisi.fi\/?page_id=20"},"modified":"2025-03-05T01:48:17","modified_gmt":"2025-03-05T01:48:17","slug":"meista","status":"publish","type":"page","link":"https:\/\/jotteimeitaunohdettaisi.fi\/index.php\/meista\/","title":{"rendered":"Taustaa"},"content":{"rendered":"\n<div class=\"wp-block-columns is-layout-flex wp-container-core-columns-is-layout-28f84493 wp-block-columns-is-layout-flex\">\n<div class=\"wp-block-column is-layout-flow wp-block-column-is-layout-flow\" style=\"flex-basis:33.33%\"><\/div>\n\n\n\n<div class=\"wp-block-column is-layout-flow wp-block-column-is-layout-flow\" style=\"flex-basis:66.66%\"><\/div>\n<\/div>\n\n\n\n<h2 class=\"wp-block-heading\">Minusta<\/h2>\n\n\n\n<p><\/p>\n\n\n\n<p>Olen vanhoihin valokuviin hurahtanut l\u00e4hes kuusikymment\u00e4vuotias nainen. Intohimonani on vanhojen valokuvien lis\u00e4ksi l\u00f6yt\u00e4\u00e4 niiden takana olevat taustat ja tarinat jonka j\u00e4lkeen koota sek\u00e4 tallentaa ne valkokuvakirjoiksi. <\/p>\n\n\n\n<p>Se kuinka innostuin vanhoista kuvista, alkoi siit\u00e4, kun \u00e4itini menehtymisen j\u00e4lkeen aloin selvitell\u00e4 sisareni kanssa vanhoja valokuvia. Huomasin, ett\u00e4 vanhoja kuvia oli hajallaan eri henkil\u00f6iden valokuva-albumeissa ja niinp\u00e4 aloitin ty\u00f6n, jossa ker\u00e4sin, selvitin, digitoin ja tallensin kaikkia perheemme valokuvia j\u00e4rjestykseen sit\u00e4 silm\u00e4ll\u00e4 pit\u00e4en, ett\u00e4 kuvat jaettaisiin kaikille sisaruksille tasapuolisesti ja kunkin toiveiden mukaisesti. Ty\u00f6 tuntui loputtomalta, mutta hyvin palkitsevalta, sill\u00e4 ne toivat minulle paljon hyvi\u00e4 muistoja mieleeni.<\/p>\n\n\n\n<p>Kuvien katselun my\u00f6t\u00e4 minulle alkoi nousta esiin my\u00f6s kysymyksi\u00e4 niiden taustoista, joten aloin ker\u00e4\u00e4m\u00e4\u00e4n ja kirjaamaan my\u00f6s niit\u00e4kin tietoja yl\u00f6s. Tahtoni ja tavoitteeni t\u00e4ss\u00e4 projektissani on, ett\u00e4 perheiss\u00e4 olevien valokuvien lis\u00e4ksi j\u00e4tet\u00e4\u00e4n j\u00e4lkipolville my\u00f6s tietoa siit\u00e4 miss\u00e4 ajassa ja tilanteissa aiemmat sukupolvet ovat el\u00e4m\u00e4ns\u00e4 el\u00e4neet. Valokuvakirjani saivatkin ajan kuluessa uuden muodon, jonka ymm\u00e4rsin olevan my\u00f6s kulttuurillisesti merkitt\u00e4v\u00e4. Kirjojani onkin suunnitelmissa julkaista monilla eri tavoilla, kuten perheiden ja sukujen omaan k\u00e4ytt\u00f6\u00f6n, ett\u00e4 mahdollisesti talteen kirjastoihin ja arkistoihin.<\/p>\n\n\n\n<p><\/p>\n\n\n\n<p>Haluan siis tehd\u00e4 oman osani ja ty\u00f6skennell\u00e4 sen eteen, ettemme j\u00e4lkipolvina unohtaisi aiempien sukupolvien el\u00e4m\u00e4\u00e4 ja heid\u00e4n taustaansa. Minua on auttanut teknisesti t\u00e4ss\u00e4 ty\u00f6ss\u00e4ni tytt\u00e4reni Elina, joka taitaa graafisen suunnittelun kuvankorjauksineeen ja tarvitsemani tietoteknisen neuvonnan. Iso kiitos siit\u00e4 h\u00e4nelle. Yhteisty\u00f6ss\u00e4 h\u00e4nen kanssaan ensimm\u00e4inen valokuvakirja omista vanhemmistani Sallista ja Aleksista on jo valmistumassa ja uusia projektiini liittyvi\u00e4 valokuvakirjoja on jo suunnittelussa.<\/p>\n\n\n\n<p>Yst\u00e4v\u00e4llisesti SiskoTuulikki os. Juppi<\/p>\n","protected":false},"excerpt":{"rendered":"<p>Minusta Olen vanhoihin valokuviin hurahtanut l\u00e4hes kuusikymment\u00e4vuotias nainen. Intohimonani on vanhojen valokuvien lis\u00e4ksi l\u00f6yt\u00e4\u00e4 niiden takana olevat taustat ja tarinat jonka j\u00e4lkeen koota sek\u00e4 tallentaa ne valkokuvakirjoiksi. Se kuinka innostuin vanhoista kuvista, alkoi siit\u00e4, kun \u00e4itini menehtymisen j\u00e4lkeen aloin selvitell\u00e4 sisareni kanssa vanhoja valokuvia. Huomasin, ett\u00e4 vanhoja kuvia oli hajallaan eri henkil\u00f6iden valokuva-albumeissa ja niinp\u00e4 aloitin ty\u00f6n, jossa ker\u00e4sin, selvitin, digitoin ja tallensin kaikkia perheemme valokuvia j\u00e4rjestykseen sit\u00e4 silm\u00e4ll\u00e4 pit\u00e4en, ett\u00e4 kuvat jaettaisiin kaikille sisaruksille tasapuolisesti ja kunkin toiveiden mukaisesti. Ty\u00f6 tuntui loputtomalta, mutta hyvin palkitsevalta, sill\u00e4 ne toivat minulle paljon hyvi\u00e4 muistoja mieleeni. Kuvien katselun my\u00f6t\u00e4 minulle alkoi nousta esiin my\u00f6s kysymyksi\u00e4 niiden taustoista, joten aloin ker\u00e4\u00e4m\u00e4\u00e4n ja kirjaamaan my\u00f6s niit\u00e4kin tietoja yl\u00f6s. Tahtoni ja tavoitteeni t\u00e4ss\u00e4 projektissani on, ett\u00e4 perheiss\u00e4 olevien valokuvien lis\u00e4ksi j\u00e4tet\u00e4\u00e4n j\u00e4lkipolville my\u00f6s tietoa siit\u00e4 miss\u00e4 ajassa ja tilanteissa aiemmat sukupolvet ovat el\u00e4m\u00e4ns\u00e4 el\u00e4neet. Valokuvakirjani saivatkin ajan kuluessa uuden muodon, jonka ymm\u00e4rsin olevan my\u00f6s kulttuurillisesti merkitt\u00e4v\u00e4. Kirjojani onkin suunnitelmissa julkaista monilla eri tavoilla, kuten perheiden ja sukujen omaan k\u00e4ytt\u00f6\u00f6n, ett\u00e4 mahdollisesti talteen kirjastoihin ja arkistoihin. Haluan siis tehd\u00e4 oman osani ja ty\u00f6skennell\u00e4 sen eteen, ettemme j\u00e4lkipolvina unohtaisi aiempien sukupolvien el\u00e4m\u00e4\u00e4 ja heid\u00e4n taustaansa. Minua on auttanut teknisesti t\u00e4ss\u00e4 ty\u00f6ss\u00e4ni tytt\u00e4reni Elina, joka taitaa graafisen suunnittelun kuvankorjauksineeen ja tarvitsemani tietoteknisen neuvonnan. Iso kiitos siit\u00e4 h\u00e4nelle. Yhteisty\u00f6ss\u00e4 h\u00e4nen kanssaan ensimm\u00e4inen valokuvakirja omista vanhemmistani Sallista ja Aleksista on jo valmistumassa ja uusia projektiini liittyvi\u00e4 valokuvakirjoja on jo suunnittelussa. Yst\u00e4v\u00e4llisesti SiskoTuulikki os. Juppi<\/p>\n","protected":false},"author":1,"featured_media":0,"parent":0,"menu_order":0,"comment_status":"closed","ping_status":"closed","template":"","meta":{"footnotes":""},"class_list":["post-20","page","type-page","status-publish","hentry"],"jetpack_sharing_enabled":true,"_links":{"self":[{"href":"https:\/\/jotteimeitaunohdettaisi.fi\/index.php\/wp-json\/wp\/v2\/pages\/20","targetHints":{"allow":["GET"]}}],"collection":[{"href":"https:\/\/jotteimeitaunohdettaisi.fi\/index.php\/wp-json\/wp\/v2\/pages"}],"about":[{"href":"https:\/\/jotteimeitaunohdettaisi.fi\/index.php\/wp-json\/wp\/v2\/types\/page"}],"author":[{"embeddable":true,"href":"https:\/\/jotteimeitaunohdettaisi.fi\/index.php\/wp-json\/wp\/v2\/users\/1"}],"replies":[{"embeddable":true,"href":"https:\/\/jotteimeitaunohdettaisi.fi\/index.php\/wp-json\/wp\/v2\/comments?post=20"}],"version-history":[{"count":56,"href":"https:\/\/jotteimeitaunohdettaisi.fi\/index.php\/wp-json\/wp\/v2\/pages\/20\/revisions"}],"predecessor-version":[{"id":533,"href":"https:\/\/jotteimeitaunohdettaisi.fi\/index.php\/wp-json\/wp\/v2\/pages\/20\/revisions\/533"}],"wp:attachment":[{"href":"https:\/\/jotteimeitaunohdettaisi.fi\/index.php\/wp-json\/wp\/v2\/media?parent=20"}],"curies":[{"name":"wp","href":"https:\/\/api.w.org\/{rel}","templated":true}]}}

<div class="wp-block-columns is-layout-flex wp-container-core-columns-is-layout-28f84493 wp-block-columns-is-layout-flex">
<div class="wp-block-column is-layout-flow wp-block-column-is-layout-flow" style="flex-basis:33.33%"></div>



<div class="wp-block-column is-layout-flow wp-block-column-is-layout-flow" style="flex-basis:66.66%"></div>
</div>



<h2 class="wp-block-heading">Minusta</h2>



<p></p>



<p>Olen vanhoihin valokuviin hurahtanut lähes kuusikymmentävuotias nainen. Intohimonani on vanhojen valokuvien lisäksi löytää niiden takana olevat taustat ja tarinat jonka jälkeen koota sekä tallentaa ne valkokuvakirjoiksi. </p>



<p>Se kuinka innostuin vanhoista kuvista, alkoi siitä, kun äitini menehtymisen jälkeen aloin selvitellä sisareni kanssa vanhoja valokuvia. Huomasin, että vanhoja kuvia oli hajallaan eri henkilöiden valokuva-albumeissa ja niinpä aloitin työn, jossa keräsin, selvitin, digitoin ja tallensin kaikkia perheemme valokuvia järjestykseen sitä silmällä pitäen, että kuvat jaettaisiin kaikille sisaruksille tasapuolisesti ja kunkin toiveiden mukaisesti. Työ tuntui loputtomalta, mutta hyvin palkitsevalta, sillä ne toivat minulle paljon hyviä muistoja mieleeni.</p>



<p>Kuvien katselun myötä minulle alkoi nousta esiin myös kysymyksiä niiden taustoista, joten aloin keräämään ja kirjaamaan myös niitäkin tietoja ylös. Tahtoni ja tavoitteeni tässä projektissani on, että perheissä olevien valokuvien lisäksi jätetään jälkipolville myös tietoa siitä missä ajassa ja tilanteissa aiemmat sukupolvet ovat elämänsä eläneet. Valokuvakirjani saivatkin ajan kuluessa uuden muodon, jonka ymmärsin olevan myös kulttuurillisesti merkittävä. Kirjojani onkin suunnitelmissa julkaista monilla eri tavoilla, kuten perheiden ja sukujen omaan käyttöön, että mahdollisesti talteen kirjastoihin ja arkistoihin.</p>



<p></p>



<p>Haluan siis tehdä oman osani ja työskennellä sen eteen, ettemme jälkipolvina unohtaisi aiempien sukupolvien elämää ja heidän taustaansa. Minua on auttanut teknisesti tässä työssäni tyttäreni Elina, joka taitaa graafisen suunnittelun kuvankorjauksineeen ja tarvitsemani tietoteknisen neuvonnan. Iso kiitos siitä hänelle. Yhteistyössä hänen kanssaan ensimmäinen valokuvakirja omista vanhemmistani Sallista ja Aleksista on jo valmistumassa ja uusia projektiini liittyviä valokuvakirjoja on jo suunnittelussa.</p>



<p>Ystävällisesti SiskoTuulikki os. Juppi</p>

<p>Minusta Olen vanhoihin valokuviin hurahtanut lähes kuusikymmentävuotias nainen. Intohimonani on vanhojen valokuvien lisäksi löytää niiden takana olevat taustat ja tarinat jonka jälkeen koota sekä tallentaa ne valkokuvakirjoiksi. Se kuinka innostuin vanhoista kuvista, alkoi siitä, kun äitini menehtymisen jälkeen aloin selvitellä sisareni kanssa vanhoja valokuvia. Huomasin, että vanhoja kuvia oli hajallaan eri henkilöiden valokuva-albumeissa ja niinpä aloitin työn, jossa keräsin, selvitin, digitoin ja tallensin kaikkia perheemme valokuvia järjestykseen sitä silmällä pitäen, että kuvat jaettaisiin kaikille sisaruksille tasapuolisesti ja kunkin toiveiden mukaisesti. Työ tuntui loputtomalta, mutta hyvin palkitsevalta, sillä ne toivat minulle paljon hyviä muistoja mieleeni. Kuvien katselun myötä minulle alkoi nousta esiin myös kysymyksiä niiden taustoista, joten aloin keräämään ja kirjaamaan myös niitäkin tietoja ylös. Tahtoni ja tavoitteeni tässä projektissani on, että perheissä olevien valokuvien lisäksi jätetään jälkipolville myös tietoa siitä missä ajassa ja tilanteissa aiemmat sukupolvet ovat elämänsä eläneet. Valokuvakirjani saivatkin ajan kuluessa uuden muodon, jonka ymmärsin olevan myös kulttuurillisesti merkittävä. Kirjojani onkin suunnitelmissa julkaista monilla eri tavoilla, kuten perheiden ja sukujen omaan käyttöön, että mahdollisesti talteen kirjastoihin ja arkistoihin. Haluan siis tehdä oman osani ja työskennellä sen eteen, ettemme jälkipolvina unohtaisi aiempien sukupolvien elämää ja heidän taustaansa. Minua on auttanut teknisesti tässä työssäni tyttäreni Elina, joka taitaa graafisen suunnittelun kuvankorjauksineeen ja tarvitsemani tietoteknisen neuvonnan. Iso kiitos siitä hänelle. Yhteistyössä hänen kanssaan ensimmäinen valokuvakirja omista vanhemmistani Sallista ja Aleksista on jo valmistumassa ja uusia projektiini liittyviä valokuvakirjoja on jo suunnittelussa. Ystävällisesti SiskoTuulikki os. Juppi</p>
